h(l) = 13*l**3. Let c be h(1). Suppose -c = -d*o + 12. What are the prime factors of o?
5
Suppose -2*k + 0*k - 13 = 5*g, 5*k + 2*g = -1. Let c be (28/(-7))/(k/(-8)). Suppose -2*j - 2*j + a = -26, -5*j = -a - c. List the prime factors of j.
2, 3
Let n be (-40)/18 + 2/9. What are the prime factors of -2 + 5 - (-2 - n)?
3
Suppose -4*i + 46 = -3*h - 187, -62 = -i - 3*h. What are the prime factors of i?
59
Let k = 12 - 7. List the prime factors of k.
5
Let u(s) = 78*s + 1. Let p be u(3). Suppose k + p = 6*k. Suppose 3*y - 4*l - k = 5, -5*y + 5*l + 80 = 0. List the prime factors of y.
2, 3
Let j(p) = 15*p + 2. Let x be j(4). Suppose 2*f = 4*k + 70, -2*f - 7 = -k - x. Let z = 47 - f. What are the prime factors of z?
2, 11
Let z(i) be the first derivative of 3*i**2/2 + 6*i + 1. Let y be z(7). Suppose -p + y = -4*t, -2*p + t = -t - 30. What are the prime factors of p?
11
Let u = -9 - -12. Suppose -4*i + 78 = u*d, -2*d - 3*d - 8 = -i. What are the prime factors of i?
2, 3
Let s(c) = -19*c - 13. List the prime factors of s(-8).
139
Let c = 7 - 0. Suppose -c*f + 30 = -4*f. List the prime factors of f.
2, 5
Suppose -5*c - 220 = -10*c. List the prime factors of c.
2, 11
Let z = -30 + 52. Let t = z + -11. Suppose -4*y + 0*h = 2*h - 44, 2*h = y - t. What are the prime factors of y?
11
Let a be (3 - 6) + (1 - -8). Suppose b + 27 = 2*l + a*b, -5*l + 3*b = -21. List the prime factors of l.
2, 3
Let k be (-6)/(((-42)/81)/7). Let u = k + -37. List the prime factors of u.
2, 11
List the prime factors of (3 - -1)*45/20.
3
Suppose 0 = -5*t - 38 + 8. Let u(j) = -j + 5. What are the prime factors of u(t)?
11
Let z(v) = -v**2 - 8*v - 4. Let i be z(-8). Let w = i + 14. List the prime factors of w.
2, 5
Let c(z) = -47*z - 24. What are the prime factors of c(-6)?
2, 3, 43
Let l = 138 + 6. What are the prime factors of l?
2, 3
Let l = 6 - 13. What are the prime factors of (l + -1)*(-7)/2?
2, 7
Let x = -232 - -503. What are the prime factors of x?
271
Suppose -2*b - 102 = -3*b - s, b - 3*s - 86 = 0. What are the prime factors of b?
2, 7
Suppose 3*t = 2*t + 53. Let m = -75 + t. Let g = m - -31. What are the prime factors of g?
3
Let p(g) = -g + 35. What are the prime factors of p(12)?
23
Let v = -7 - -6. Let x(k) = -10*k**3 + k**2 - 1. List the prime factors of x(v).
2, 5
Let c be 14/4*2*2. Let n = -34 - -35. Let f = c + n. What are the prime factors of f?
3, 5
What are the prime factors of (-8)/((-16)/(-4)) - -27?
5
Suppose 4*t = 5*b + 27, -6*t + t + 3*b = -37. Let p(l) = 4*l**2 + 0*l**2 - 3*l**2 + 11 - 8*l. What are the prime factors of p(t)?
11
List the prime factors of (-8)/(-3)*(-2448)/(-64).
2, 3, 17
Let k be (3 - 4)*1 - -5. Suppose -2*z + 125 = 5*p - k*z, 3*p - 54 = -3*z. What are the prime factors of p?
23
Let w = 3 + 2. Let d be 2*w/((-15)/6). Let j = d + 18. What are the prime factors of j?
2, 7
Let d(b) be the second derivative of b**4/4 + b**3/3 + b**2/2 - b. Let v be d(-1). Suppose v*l + 0 = 18. List the prime factors of l.
3
Let y = 6 + -6. Suppose n - 4 - 3 = y. Suppose n*t - 2*t - 95 = 0. What are the prime factors of t?
19
Let r(b) be the first derivative of b**3/3 + b**2 - 3. List the prime factors of r(-5).
3, 5
Let z(s) = 3*s**2 + 2*s - 5. What are the prime factors of z(5)?
2, 5
Let a = 19 + -13. Suppose -15 = -2*d + t + 9, d + t - a = 0. List the prime factors of d.
2, 5
Suppose 3 = -t + 2. Let v = -1 - t. Suppose -3*z - 2*z + 15 = v. What are the prime factors of z?
3
Suppose -h + 5*v + 22 = 0, -2*h - 2*v = -v + 11. Suppose -17 - 15 = -2*p. Let m = h + p. List the prime factors of m.
13
Let d(x) = -8*x - 3. Suppose 5 - 1 = -2*y. List the prime factors of d(y).
13
Let i(u) = u**2 + 4*u. Let k(h) = -h**3 - 8*h**2 + 9*h + 4. Let b be k(-9). Suppose -25 = y + b*y. List the prime factors of i(y).
5
Let l be 31/5 + (-7)/35. Suppose -w - 380 = -l*w. Suppose 3*p - 57 = 4*r, 0 = -3*p + 7*p - 2*r - w. List the prime factors of p.
19
Suppose 5*c - 622 = -3*a, -4*c + 2*a + 2*a + 472 = 0. Suppose 0 = 2*g - 0*g - 12. List the prime factors of (-2)/g + c/6.
2, 5
Let y = 3 - -14. Let z = y + 5. What are the prime factors of z?
2, 11
Let q = -17 + 24. List the prime factors of q.
7
Let k be (-69)/(-15) + 2/5. Suppose -k - 3 = -2*q. List the prime factors of q.
2
Suppose -995 = -8*v + 3*v. What are the prime factors of v?
199
Let c(g) = -4*g**2 - g - 5. Let b be c(-3). Let m = 53 + b. List the prime factors of m.
3, 5
Let k = -1 + 5. Suppose -k*u = 0, 5*b + u - 15 = 6*u. Suppose b*g = 4*g - 20. List the prime factors of g.
2, 5
Let a = -3 - -5. Suppose t = -a*t - 15. List the prime factors of (-6)/15 - 57/t.
11
Let h(u) = u**3 + 6*u**2 + 2*u - 3. Let d = -1 - 3. Let s be h(d). Suppose -l - 8 = -s. What are the prime factors of l?
13
Let i = -24 + 60. What are the prime factors of i?
2, 3
Suppose -138 + 22 = -4*l + 5*b, -4*b + 87 = 3*l. List the prime factors of l.
29
Suppose 4*i = -z - 0*i + 27, 3*i - 32 = -z. What are the prime factors of z?
47
List the prime factors of ((-1)/3)/((-2)/486*3).
3
Let m be (-2)/(-6) - (-210)/18. Suppose 3*r + m = 42. List the prime factors of r.
2, 5
Suppose -5 = -2*f + 87. Suppose 0*j + z + f = 5*j, z + 10 = j. List the prime factors of j.
3
Let y be 0 + -2 + 7 + -1. Let c = 8 - y. Suppose 27 = c*j - 53. What are the prime factors of j?
2, 5
Let m be 0*(-4 + (-10)/(-2)). Suppose m*d - 70 = -5*d. What are the prime factors of d?
2, 7
Let f(g) = -7*g - 1. Let n be f(-2). Suppose 0 = -4*w + 3*k - 6, w + 7*k = 2*k - n. List the prime factors of (-6)/(18/(-4) - w).
2
Suppose -21 = -5*l + 2*l. Let h be -4 + l - 2/1. What are the prime factors of (-2 - h - -19) + 0?
2
Let w(y) = 2*y - 8. Let m = 12 - 4. What are the prime factors of w(m)?
2
Suppose 0 = -3*z + 4*q - 5*q + 302, q - 401 = -4*z. What are the prime factors of z?
3, 11
Suppose -5*u - 6*l = -l - 85, 0 = u - 2*l - 5. Suppose j = u - 2. List the prime factors of j.
11
Let f be 4 + -2*1/2. Suppose -f*d + 4*s - 11 + 41 = 0, -2 = -d + 4*s. List the prime factors of d.
2, 7
Let u(v) = -4*v**2 + 4*v**3 + v**2 - 2*v**3. Let b be u(2). Suppose -4*p + p + 12 = 5*j, -b*j = 12. List the prime factors of p.
3
Let i(c) = c - 13. Let b be i(10). Let v be 280/6 + 2/b. Suppose 2*l - v = 5*y - 6, 0 = 3*l + 3*y - 18. What are the prime factors of l?
2, 5
Let p(c) = -c**3 - 5*c**2 + 4*c - 4. Let m be p(-6). Suppose -3*r + 25 + m = 0. What are the prime factors of r?
11
Let c be (0/(-2))/(-2 - -4). Let z = 8 - c. Let v = z - 2. List the prime factors of v.
2, 3
Let x = -9 + 8. What are the prime factors of (30/(-3) - 1)/x?
11
What are the prime factors of (-11)/(165/(-2394)) + (-4)/(-10)?
2, 5
Let o = 44 + -8. Let j = o + -20. Suppose q + j = 5*q. List the prime factors of q.
2
Let x = -16 - -40. What are the prime factors of x?
2, 3
Let p(x) = x**2 + 5*x. Suppose -v + 2*i - 22 = v, 0 = 5*v - 4*i + 51. What are the prime factors of p(v)?
2, 7
Let o(m) = m**3 - 5*m**2 - 8*m. Let c be o(6). Let p be 4/c - 7/(-3). Suppose 15 = 3*v + p*j - 30, 4*j = v - 29. What are the prime factors of v?
17
Let d = 1 + 29. Suppose -35 - d = -5*p. What are the prime factors of p?
13
Let k(a) = a**3 - 2*a**2 + a. Let y be k(2). Let t = y - 2. Suppose t*w + 55 = 5*w. What are the prime factors of w?
11
Let t = 3 + -1. Let x(n) = n + 2 - t. What are the prime factors of x(6)?
2, 3
Let c(m) = m**3 - 4*m**2 - 3*m + 2. Let s be c(5). Suppose 5*l + s = 7*l. What are the prime factors of l?
2, 3
Let j = -6 - -16. List the prime factors of j.
2, 5
Let z be (1/1)/(7/539). Let r = z + -50. What are the prime factors of r?
3
List the prime factors of (21/(-5))/((-3)/15).
3, 7
Let z = 83 - 41. List the prime factors of z.
2, 3, 7
Let c(i) = -i**3 + 4*i**2 + 2*i - 2. Suppose -5*h = -5 - 15. List the prime factors of c(h).
2, 3
Let y = 113 + -100. List the prime factors of y.
13
Let h(d) = 14*d - 1. Let q be h(4). Suppose u + 4*u - q = -5*s, 2*u + s = 26. List the prime factors of u.
3, 5
Suppose -2*j = -2*w - 22, 0*w - w = -4*j + 50. What are the prime factors of j?
13
List the prime factors of 2/(-8) + (-10)/(160/(-228)).
2, 7
Let s be (-2)/(-1) - 114*1. Let d be (2/4)/((-2)/s). What are the prime factors of d/5 + (-4)/(-10)?
2, 3
Let s(o) = -5*o - 1. Let l be s(3). Let r = l - -18. List the prime factors of r.
2
Let i(z) = -z**2 - 6